t are the prime factors of h?
79
Suppose 4*a + 12 + 12 = 0. Let m(w) = -3*w - 10 - 2*w + 1. What are the prime factors of m(a)?
3, 7
Let b(k) be the first derivative of -k**2/2 + 5. List the prime factors of b(-8).
2
Let k(c) be the first derivative of -3*c**2 - 21*c - 1. What are the prime factors of k(-9)?
3, 11
Let t = 12 - 0. List the prime factors of t.
2, 3
Let g(q) = -60*q**3 - q**2. Let w be g(-1). Let k = w - 39. What are the prime factors of k?
2, 5
Let r(a) = -3*a - 1. What are the prime factors of r(-10)?
29
Let q = 153 - 75. List the prime factors of q.
2, 3, 13
Let r(n) = 36*n**2 - 2*n + 1. Let h(g) = 36*g**2 - 3*g + 1. Let t(o) = -4*h(o) + 5*r(o). What are the prime factors of t(-1)?
5, 7
Suppose -k - 2*h + 6 = k, -5*h = -k - 21. Let b = k - 1. What are the prime factors of (b - (-5 - 1)) + 0?
2
Suppose 0*z + 42 = 2*z. Suppose g = 4*g - z. List the prime factors of g.
7
Let g(x) = -x**3 - x**2 + 2*x + 2. Let v be g(-2). Suppose 0*c - 18 = -v*c. List the prime factors of c.
3
Let l = 6 - 5. Suppose 13 + l = f. What are the prime factors of f?
2, 7
Suppose n - 1020 = -4*n - 3*w, 4*w + 784 = 4*n. List the prime factors of n.
3, 67
Let r be (44/154)/((-1)/(-7)). Suppose -q + 21 = r*q. What are the prime factors of q?
7
Let r = -4 + 18. Suppose -3*t + 4*t + 6 = 0. Let u = r - t. What are the prime factors of u?
2, 5
Let s be (-48)/22 - 22/(-121). What are the prime factors of (13/(-26))/(s/124)?
31
Suppose 2*x - 2 = 2. Suppose x*z - 10 = -3*z. Suppose -5*n - 22 = -b, 5*b + n - 14 = z*n. List the prime factors of b.
2
Suppose 5*n - 26 = -101. Let l(i) = -3*i + 2. Let o be l(-6). What are the prime factors of n/o - (-126)/8?
3, 5
Let z(y) = y**3 + 7*y**2 - 9. Let p be z(-7). Let c(q) = q**3 + 10*q**2 + 7*q - 1. List the prime factors of c(p).
17
Let v = 1 + -2. Let c = v + 2. List the prime factors of (c + -2)*-6*1.
2, 3
What are the prime factors of (-950)/20*8/(-5)?
2, 19
Suppose -10*r = -9*r - 6. What are the prime factors of r?
2, 3
Let k(p) = -9*p + 4. Let o(q) = 4*q - 2. Let d(f) = 2*k(f) + 5*o(f). List the prime factors of d(7).
2, 3
Let q be -3 + -1 + 2 + 82. Suppose 3*o = -2*o - q. List the prime factors of (o/24)/(2/(-15)).
5
Let y = 206 - 109. What are the prime factors of y?
97
Suppose -41 = -4*r + 15. What are the prime factors of r?
2, 7
Suppose -5*l - 12 = 158. Let o = 16 + l. Let t = -9 - o. What are the prime factors of t?
3
Let h = -29 - -92. List the prime factors of h.
3, 7
Let q = 11 + -5. Let l(o) = 0*o - q + 0*o + 2*o. List the prime factors of l(8).
2, 5
Let g = 979 + -692. What are the prime factors of g?
7, 41
Let n be ((-2)/(-6))/(1/(-15)). Let h(b) = -b + 3*b + 2 - 4*b. What are the prime factors of h(n)?
2, 3
Suppose 60 + 15 = 5*p. List the prime factors of 849/p - 2/(-5).
3, 19
What are the prime factors of (642/15)/(3/(-5) + 1)?
107
Let d = -7 - -9. Suppose 0 = -n - 3*t + 30, -124 = -6*n + n - d*t. List the prime factors of n.
2, 3
Let d(o) = -o + 8. Let s be d(8). Suppose 3*a - 4*a + m + 19 = s, 0 = -3*m - 12. List the prime factors of a.
3, 5
Let o be 2*(4 - 5)*-322. List the prime factors of ((-3)/2)/((-42)/o).
23
Let p be 3 + (0 + -3 - -2). Suppose 80 = p*r + 2*r. List the prime factors of r.
2, 5
Let m(p) = -p**3 - 3*p**2 - 3*p + 3. List the prime factors of m(-6).
3, 43
Let q(s) = s**3 + 14*s**2 + 8*s + 18. Let f be q(-13). Let t = -45 + f. What are the prime factors of t?
2, 19
Let k(t) = -2 - 3*t - 7*t**2 + 3*t + t**3 + 7*t. Let m = -4 + 10. List the prime factors of k(m).
2
What are the prime factors of (84/(-126))/((4/1902)/(-1))?
317
Let j be -1 + (2 + -4)/(-2). Suppose 3*q = -j*q + 12. What are the prime factors of q?
2
Suppose -1399 = -4*q - 3*x, -5*q + 3*x - 350 + 2119 = 0. List the prime factors of q.
2, 11
Let t be -2*(2/4 - 2). Suppose -t*l + 0*l = -51. What are the prime factors of l?
17
Suppose 1 = 2*h - t - 16, -2*h - 2*t + 26 = 0. Suppose h = -2*s + 4*x, 25 = 3*s + x + 3*x. Suppose -s*q + 0*q = -9. List the prime factors of q.
3
Let r = -149 - -209. List the prime factors of r.
2, 3, 5
Suppose 0 = 3*r + 3. Let s(t) = -2*t**3 + t**2. Let j be s(r). Suppose -5*d = 2*v - 37, d + 3*v + j = -0*d. What are the prime factors of d?
3
Suppose 4*b + 0*b + 20 = 0, -4*v + 3*b = -239. List the prime factors of v.
2, 7
Let o(z) be the second derivative of -z**3/3 + 2*z. Let t be o(-2). Suppose -a + t = -4. List the prime factors of a.
2
Let l be (4/6)/((-4)/(-18)). Let i = l + -2. Suppose -5*y + 9 = t, t - y = 4 - i. What are the prime factors of t?
2
Suppose -z = 5*t - 79, z - 12 - 52 = -4*t. Let d = -11 + t. Suppose k - d*b = -2, 5*b + 17 = 4*k - 19. What are the prime factors of k?
2, 7
Let g(v) = -28*v**3 + v**2. What are the prime factors of g(-1)?
29
Let m(w) = w + 3. Let n be m(3). Suppose 3*i - y - 4 = 0, 5*y - 10 - n = 3*i. List the prime factors of i.
3
Suppose 3*l - 1 = 26. What are the prime factors of (-10)/(-3) + (-3)/l?
3
Let y(b) = b**2 - 4*b + 5. Suppose 0 = -k - 1 + 5. List the prime factors of y(k).
5
Suppose 4*w - 331 = 209. Suppose 3 = -3*g, -6*j + 5*g = -j - w. List the prime factors of j.
2, 13
Suppose -j - 7 + 26 = 0. What are the prime factors of j?
19
Let s(b) = -b**3 + b. Suppose k + 2*i = -2, 0 = 4*k + 4*i - 8 - 0. Suppose 2*r = k*r + 8. List the prime factors of s(r).
2, 3
Let u(r) = -2*r. Let f be u(-1). List the prime factors of 0 - f - 15/(-1).
13
Let l(i) = -i**2 - 10*i - 12. Let x be l(-10). Let j = x + 17. List the prime factors of j.
5
List the prime factors of 0 + -1 + (-102)/(-3).
3, 11
List the prime factors of -3 - (-43 + 8/4).
2, 19
Let n = -3 + 3. Suppose -w = -n*w - 3. Suppose -y = w*y - 24. What are the prime factors of y?
2, 3
Suppose 5*x + 238 = 4*h, -3*h + 179 = -4*x - 0*x. What are the prime factors of h?
3, 19
Suppose 2*w = 5 + 5. Suppose w - 2 = s. What are the prime factors of s?
3
Let p = 130 + -92. What are the prime factors of p?
2, 19
Let i(v) = -5*v**2 + 3*v - 1. Let z be i(2). Let q = z - -10. Let s = q + 14. What are the prime factors of s?
3
Suppose 7*a = 3*a + 4. Let m(o) = o - a - o - 5*o**3 - 2*o. What are the prime factors of m(-1)?
2, 3
Let v(i) = i**2 - 2*i + 1. Let c be v(1). Let m(u) = c*u**3 - u + 2 + 3*u**3 - 2*u**3 + 0*u**3. What are the prime factors of m(2)?
2
Suppose -2*z - 10 = -q, 0 = -q - 4*q - 3*z + 50. Let n = q - 2. Suppose 5*a - n - 17 = 0. List the prime factors of a.
5
Let p(l) = l**3 + 6*l**2 + 3*l - 7. Let w = 8 - 13. List the prime factors of p(w).
3
Let u be 3 - 5 - -5 - 1. Suppose -1 - 1 = u*c, 0 = 2*x + 2*c - 8. List the prime factors of x.
5
Let k = 17 - 12. Suppose k*o - o - 56 = 0. What are the prime factors of o?
2, 7
Let u(o) be the second derivative of o**3 + o**2/2 + 2*o. Let m be u(-1). Let t(z) = z + 8. List the prime factors of t(m).
3
Let o(d) = d - 5. Let y be o(-6). Let v = 41 + y. List the prime factors of v.
2, 3, 5
Suppose 4*h + 2*j = 2*h - 254, -3*h - j = 381. Let s = h - -183. What are the prime factors of s?
2, 7
Let q be -20 + (-3 - -3) + -2. Let d = q - -9. Let x = 19 + d. What are the prime factors of x?
2, 3
Let f be 2/5 + 36/10. Suppose f*o - 7 = 13. Suppose 5*q + 3*t = 54, -o*q - 4*t + 30 = -9*t. What are the prime factors of q?
3
Suppose -6*s + 130 = -4*s. What are the prime factors of s?
5, 13
Let b be 32/14 - (-10)/(-35). Suppose -b*n = -4*n + 30. What are the prime factors of n?
3, 5
Let m be 12*(0 - (-5 - -4)). Suppose f - 9 = o + 7, 3*o = f - m. List the prime factors of f.
2, 3
Let h(a) = a - 5. Let j be h(6). Let x = 14 - 21. Let r = j - x. What are the prime factors of r?
2
Let s(g) = 12*g**2 + 3*g - 4. List the prime factors of s(2).
2, 5
Let n = -7 - -26. Suppose -2*i + n = 3. List the prime factors of i.
2
Let m = 8 + -2. Suppose y - f - 3*f + 6 = 0, 3*f = m. List the prime factors of y.
2
Let o(r) = -41*r - 2. List the prime factors of o(-1).
3, 13
Let t(v) = v**2 - 5*v - 3. Let y be t(6). Let a = 60 - 63. List the prime factors of (2 - y/a) + 3.
2, 3
Let x(m) = -m**2 - 26*m + 55. What are the prime factors of x(-24)?
103
Let z = -288 + 202. Let d = -46 - z. What are the prime factors of d?
2, 5
Suppose -3*i = i - 12. Suppose -5 = -i*t + 34. Let v = -4 + t. What are the prime factors of v?
3
Let c = 17 - 12. List the prime factors of c.
5
Suppose 3 = h + k, -h - 5*k = -